136503 composite?
False
Is 36167543 a composite number?
True
Is 9559637 a prime number?
True
Is 22179445 a composite number?
True
Is 300944453 a composite number?
False
Is 8334251 a composite number?
True
Is 2947097 composite?
False
Is 9805319 a composite number?
True
Is 85001 a prime number?
False
Is 72869 a composite number?
False
Is 17049811 composite?
False
Is 14935523 composite?
False
Is 291251879 a composite number?
False
Is 6148823 a composite number?
False
Is 202046014 a prime number?
False
Is 19157207 a composite number?
False
Is 8499063 a prime number?
False
Is 4663427 composite?
False
Is 57480967 prime?
True
Is 4558487 prime?
True
Is 2807429 a composite number?
True
Is 5974747 prime?
True
Is 42447373 composite?
True
Is 37017467 prime?
True
Is 23136457 prime?
True
Is 359339969 composite?
False
Is 80651 prime?
True
Is 1167539 prime?
True
Is 10285673 prime?
True
Is 26291323 a composite number?
True
Is 54704513 a composite number?
False
Is 299009049 a prime number?
False
Is 3708209 composite?
True
Is 68450827 a composite number?
False
Is 239016471 a composite number?
True
Is 30465287 prime?
False
Is 120643583 a prime number?
True
Is 58831321 a composite number?
True
Is 3455434 prime?
False
Is 413136073 a composite number?
True
Is 21009621 composite?
True
Is 205024163 prime?
False
Is 174123919 composite?
True
Is 11166353 a prime number?
False
Is 38045003 composite?
False
Is 9471083 a prime number?
False
Is 3425113 composite?
True
Is 41332699 a composite number?
False
Is 2151701 composite?
False
Is 32848697 a prime number?
False
Is 1416517 a composite number?
True
Is 119667331 a composite number?
True
Is 2926109 prime?
False
Is 36226209 a composite number?
True
Is 33994463 prime?
False
Is 5106657 a composite number?
True
Is 28172147 a composite number?
False
Is 38260031 a composite number?
True
Is 87661517 a composite number?
False
Is 16511219 a composite number?
True
Is 3653359 a prime number?
True
Is 18733807 a prime number?
True
Is 296071 a composite number?
False
Is 13517 a prime number?
False
Is 71609869 composite?
False
Is 42160007 prime?
True
Is 9179101 a prime number?
True
Is 13475255 prime?
False
Is 14355931 prime?
True
Is 5937467 prime?
False
Is 110427809 prime?
True
Is 18590513 a prime number?
True
Is 3420367 a prime number?
True
Is 150268121 composite?
False
Is 2034661 a prime number?
True
Is 2367119 a prime number?
True
Is 885383 a composite number?
False
Is 4215803 a prime number?
True
Is 26292947 a prime number?
False
Is 482761373 prime?
True
Is 54464083 prime?
True
Is 1501519 composite?
True
Is 4872295 a composite number?
True
Is 593303 a composite number?
True
Is 11814533 prime?
True
Is 31350149 a prime number?
True
Is 1707239 a prime number?
False
Is 24740551 a composite number?
True
Is 114218213 a prime number?
True
Is 8216387 a composite number?
False
Is 872801 a prime number?
False
Is 77704269 composite?
True
Is 81689 a composite number?
False
Is 19792793 composite?
True
Is 22827583 prime?
False
Is 5886653 a prime number?
True
Is 101848027 a composite number?
False
Is 744499 a prime number?
False
Is 10516661 composite?
False
Is 44371435 a prime number?
False
Is 25208087 a composite number?
False
Is 9464591 prime?
False
Is 41770559 composite?
True
Is 311047199 a prime number?
False
Is 14975761 a prime number?
True
Is 1090373 prime?
True
Is 39829219 a composite number?
False
Is 967709 a prime number?
True
Is 377537 a composite number?
False
Is 1827151 a prime number?
True
Is 6445581 prime?
False
Is 11177695 prime?
False
Is 42835123 composite?
False
Is 86898629 composite?
True
Is 558299 prime?
False
Is 4932757 a prime number?
True
Is 5768435 a composite number?
True
Is 97406549 a prime number?
False
Is 22844665 a composite number?
True
Is 7839151 prime?
True
Is 5738263 a prime number?
True
Is 58055557 composite?
True
Is 1295513 a prime number?
True
Is 25373737 a composite number?
True
Is 246285631 a composite number?
False
Is 2346769 composite?
False
Is 47985991 a composite number?
False
Is 40389227 a composite number?
True
Is 641317 a composite number?
False
Is 4769251 a prime number?
False
Is 2130097 a prime number?
False
Is 12068747 composite?
True
Is 68482203 composite?
True
Is 41036909 composite?
False
Is 784891 a prime number?
False
Is 21285769 a composite number?
False
Is 24535877 a composite number?
False
Is 10673 a composite number?
True
Is 11682191 prime?
True
Is 1452293 a prime number?
False
Is 4264811 composite?
False
Is 731082389 a composite number?
False
Is 576293 prime?
True
Is 1611031 a composite number?
False
Is 42238439 a prime number?
True
Is 5349341 a composite number?
False
Is 14881795 composite?
True
Is 1811789 a prime number?
False
Is 10907917 composite?
False
Is 22241731 a composite number?
False
Is 516931 composite?
False
Is 1128221 a prime number?
False
Is 90904643 a prime number?
True
Is 199103659 a composite number?
True
Is 3971069 a composite number?
True
Is 1117104013 a composite number?
True
Is 10946669 composite?
False
Is 966307 a prime number?
True
Is 7848437 composite?
False
Is 338851 a composite number?
False
Is 40479041 composite?
True
Is 48796981 prime?
True
Is 3650105 a composite number?
True
Is 7011479 prime?
True
Is 423201 a composite number?
True
Is 76827757 composite?
True
Is 140445223 a prime number?
False
Is 9518654 a composite number?
True
Is 4523321 a prime number?
False
Is 2507671 a prime number?
True
Is 2480069 a prime number?
True
Is 335789 prime?
False
Is 887687483 a composite number?
False
Is 919777 composite?
True
Is 477697 prime?
False
Is 1075427 composite?
True
Is 33010987 prime?
True
Is 6950201 a prime number?
True
Is 17029967 prime?
True
Is 129399961 a prime number?
False
Is 9402761 composite?
True
Is 14010433 composite?
False
Is 119947501 prime?
True
Is 1648249 a prime number?
False
Is 11940314 a prime number?
False
Is 8619031 composite?
False
Is 3237713 a composite number?
True
Is 653399017 prime?
False
Is 14668793 prime?
False
Is 4674541 a composite number?
True
Is 3149933 a prime number?
False
Is 2252599 composite?
True
Is 32302433 a composite number?
True
Is 513975169 prime?
True
Is 3912547 prime?
True
Is 1479619 a composite number?
True
Is 62455709 composite?
False
Is 25981103 composite?
True
Is 462857 a composite number?
True
Is 393854 a prime number?
False
Is 6481879 a prime number?
False
Is 799591567 composite?
True
Is 11183521 a prime number?
False
Is 23603185 a prime number?
False
Is 1087517 a composite number?
False
Is 17884709 prime?
True
Is 549429115 a prime number?
False
Is 5514643 a prime number?
True
Is 14986057 a prime number?
False
Is 40265131 a composite number?
False
Is 80898799 a composite number?
True
Is 21447077 composite?
False
Is 32025571 a composite number?
False
Is 21074353 prime?
True
Is 5236891 prime?
False
Is 109829423 a prime number?
False
Is 6776813 prime?
True
Is 1955929 prime?
False
Is 45506509 composite?
False
Is 16435469 composite?
False
Is 2211161 a prime number?
True
Is 189541 a composite number?
True
Is 4216657 composite?
False
Is 12250891 a composite number?
False
Is 106157899 composite?
True
Is 40075903 a prime number?
False
Is 649291 a composite number?
False
Is 1469729 a composite number?
False
Is 7489171 a composite number?
False
Is 38635741 composite?
False
Is 372835 a composite number?
True
Is 250526719 a composite number?
False
Is 10717027 a composite number?
True
Is 127901041 a prime number?
True
Is 196514471 prime?
False
Is 84216247 composite?
False
Is 77895017 a composite number?
False
Is 7220581 composite?
False
Is 40570811 composite?
True
Is 669759211 prime?
False
Is 1297511 a prime number?
False
Is 6482323 prime?
False
Is 11359711 a composite number?
True
Is 130753949 prime?
True
Is 418598 composite?
True
Is 488244089 a prime number?
False
Is 102582191 prime?
False
Is 272240789 prime?
True
Is 66034457 prime?
True
Is 486439 a composite number?
True
Is 1390337 prime?
False
Is 295105 prime?
False
Is 359722447 prime?
False
Is 693659 prime?
True
Is 8150291 composite?
False
Is 168488743 composite?
True
Is 3631435 composite?
True
Is 94162501 a composite number?
False
Is 14633087 a prime number?
False
Is 54578221 a composite number?
False
Is 139000241 a composite number?
True
Is 3312473 composite?
True
Is 7382387 a 